{"id":6,"date":"2021-01-24T12:22:51","date_gmt":"2021-01-24T11:22:51","guid":{"rendered":"http:\/\/4advx.szerokadroga.pl\/?page_id=6"},"modified":"2021-01-24T12:55:06","modified_gmt":"2021-01-24T11:55:06","slug":"tworz-swoja-witryne-za-pomoca-blokow","status":"publish","type":"page","link":"https:\/\/4advx.szerokadroga.pl\/","title":{"rendered":"For ADVenture and eXtreme"},"content":{"rendered":"\n<h2 class=\"alignwide has-text-align-wide has-gigantic-font-size wp-block-heading\" style=\"line-height:1.1\">Tworzymy z pasj\u0105<\/h2>\n\n\n\n<div style=\"height:100px\" aria-hidden=\"true\" class=\"wp-block-spacer\"><\/div>\n\n\n\n<div class=\"wp-block-columns alignwide are-vertically-aligned-center is-style-twentytwentyone-columns-overlap is-layout-flex wp-container-core-columns-is-layout-9d6595d7 wp-block-columns-is-layout-flex\">\n<div class=\"wp-block-column is-vertically-aligned-center is-layout-flow wp-block-column-is-layout-flow\">\n<figure class=\"wp-block-image alignfull size-large\"><img decoding=\"async\" src=\"http:\/\/4advx.szerokadroga.pl\/wp-content\/themes\/twentytwentyone\/assets\/images\/roses-tremieres-hollyhocks-1884.jpg\" alt=\"\u201cMalwy\u201d - Berthe Morisot\"\/><\/figure>\n\n\n\n<div style=\"height:100px\" aria-hidden=\"true\" class=\"wp-block-spacer\"><\/div>\n\n\n\n<figure class=\"wp-block-image alignfull size-large is-style-twentytwentyone-image-frame\"><img decoding=\"async\" src=\"http:\/\/4advx.szerokadroga.pl\/wp-content\/themes\/twentytwentyone\/assets\/images\/in-the-bois-de-boulogne.jpg\" alt=\"\u201cW Lasku Bolo\u0144skim\u201d - Berthe Morisot\"\/><\/figure>\n<\/div>\n\n\n\n<div class=\"wp-block-column is-vertically-aligned-center is-layout-flow wp-block-column-is-layout-flow\">\n<div style=\"height:100px\" aria-hidden=\"true\" class=\"wp-block-spacer\"><\/div>\n\n\n\n<figure class=\"wp-block-image size-large alignfull size-full is-style-twentytwentyone-border\"><img decoding=\"async\" src=\"http:\/\/4advx.szerokadroga.pl\/wp-content\/themes\/twentytwentyone\/assets\/images\/young-woman-in-mauve.jpg\" alt=\"\u201cM\u0142oda kobieta w fio\u0142kach\u201d - Berthe Morisot\"\/><\/figure>\n<\/div>\n<\/div>\n\n\n\n<div style=\"height:50px\" aria-hidden=\"true\" class=\"wp-block-spacer\"><\/div>\n\n\n\n<div class=\"wp-block-columns alignwide are-vertically-aligned-top is-layout-flex wp-container-core-columns-is-layout-9d6595d7 wp-block-columns-is-layout-flex\">\n<div class=\"wp-block-column is-vertically-aligned-top is-layout-flow wp-block-column-is-layout-flow\">\n<h3 class=\"wp-block-heading\">Dodaj wzorzec blok\u00f3w<\/h3>\n\n\n\n<p>Wzory blok\u00f3w to wst\u0119pnie zaprojektowane grupy blok\u00f3w. Aby doda\u0107, wybierz przycisk dodaj blok [+] na pasku narz\u0119dzi u g\u00f3ry edytora. Przejd\u017a do karty Wzory pod paskiem wyszukiwania i wybierz.<\/p>\n<\/div>\n\n\n\n<div class=\"wp-block-column is-vertically-aligned-top is-layout-flow wp-block-column-is-layout-flow\">\n<h3 class=\"wp-block-heading\">Dodaj ramk\u0119 do obrazk\u00f3w<\/h3>\n\n\n\n<p>Twenty Twenty-One zawiera stylowe obramowanie tre\u015bci. W bloku obrazka otw\u00f3rz panel \u201eStyle\u201d z paska bocznego edytora. Wybierz styl bloku \u201eRamka\u201d, aby aktywowa\u0107.<\/p>\n<\/div>\n\n\n\n<div class=\"wp-block-column is-vertically-aligned-top is-layout-flow wp-block-column-is-layout-flow\">\n<h3 class=\"wp-block-heading\">Nak\u0142adaj\u0105ce si\u0119 kolumny<\/h3>\n\n\n\n<p>Twenty Twenty-One zawiera r\u00f3wnie\u017c styl nak\u0142adania si\u0119 na blok\u00f3w kolumn. Po zaznaczeniu bloku Kolumny otw\u00f3rz panel \u201eStyle\u201d na pasku bocznym Edytora. Wybierz styl bloku \u201eNak\u0142adanie\u201d, aby wypr\u00f3bowa\u0107.<\/p>\n<\/div>\n<\/div>\n\n\n\n<div style=\"height:100px\" aria-hidden=\"true\" class=\"wp-block-spacer\"><\/div>\n\n\n\n<div class=\"wp-block-cover alignwide has-green-background-color has-background-dim is-style-twentytwentyone-border\"><div class=\"wp-block-cover__inner-container is-layout-flow wp-block-cover-is-layout-flow\">\n<div style=\"height:20px\" aria-hidden=\"true\" class=\"wp-block-spacer\"><\/div>\n\n\n\n<p class=\"has-huge-font-size\">Potrzebujesz pomocy?<\/p>\n\n\n\n<div style=\"height:75px\" aria-hidden=\"true\" class=\"wp-block-spacer\"><\/div>\n\n\n\n<div class=\"wp-block-columns is-layout-flex wp-container-core-columns-is-layout-9d6595d7 wp-block-columns-is-layout-flex\">\n<div class=\"wp-block-column is-layout-flow wp-block-column-is-layout-flow\">\n<p><a href=\"https:\/\/wordpress.org\/support\/article\/twenty-twenty-one\/\">Przeczytaj dokumentacj\u0119 motywu<\/a><\/p>\n<\/div>\n\n\n\n<div class=\"wp-block-column is-layout-flow wp-block-column-is-layout-flow\">\n<p><a href=\"https:\/\/wordpress.org\/support\/theme\/twentytwentyone\/\">Sprawd\u017a forum wsparcia<\/a><\/p>\n<\/div>\n<\/div>\n\n\n\n<div style=\"height:20px\" aria-hidden=\"true\" class=\"wp-block-spacer\"><\/div>\n<\/div><\/div>\n\n\n\n<p><\/p>\n","protected":false},"excerpt":{"rendered":"<p>Tworzymy z pasj\u0105 Dodaj wzorzec blok\u00f3w Wzory blok\u00f3w to wst\u0119pnie zaprojektowane grupy blok\u00f3w. Aby doda\u0107, wybierz przycisk dodaj blok [+] na pasku narz\u0119dzi u g\u00f3ry edytora. Przejd\u017a do karty Wzory pod paskiem wyszukiwania i wybierz. Dodaj ramk\u0119 do obrazk\u00f3w Twenty Twenty-One zawiera stylowe obramowanie tre\u015bci. W bloku obrazka otw\u00f3rz panel \u201eStyle\u201d z paska bocznego edytora.&hellip; <a class=\"more-link\" href=\"https:\/\/4advx.szerokadroga.pl\/\">Czytaj dalej <span class=\"screen-reader-text\">For ADVenture and eXtreme<\/span><\/a><\/p>\n","protected":false},"author":1,"featured_media":0,"parent":0,"menu_order":0,"comment_status":"closed","ping_status":"closed","template":"","meta":{"footnotes":""},"class_list":["post-6","page","type-page","status-publish","hentry","entry"],"_links":{"self":[{"href":"https:\/\/4advx.szerokadroga.pl\/index.php\/wp-json\/wp\/v2\/pages\/6","targetHints":{"allow":["GET"]}}],"collection":[{"href":"https:\/\/4advx.szerokadroga.pl\/index.php\/wp-json\/wp\/v2\/pages"}],"about":[{"href":"https:\/\/4advx.szerokadroga.pl\/index.php\/wp-json\/wp\/v2\/types\/page"}],"author":[{"embeddable":true,"href":"https:\/\/4advx.szerokadroga.pl\/index.php\/wp-json\/wp\/v2\/users\/1"}],"replies":[{"embeddable":true,"href":"https:\/\/4advx.szerokadroga.pl\/index.php\/wp-json\/wp\/v2\/comments?post=6"}],"version-history":[{"count":3,"href":"https:\/\/4advx.szerokadroga.pl\/index.php\/wp-json\/wp\/v2\/pages\/6\/revisions"}],"predecessor-version":[{"id":28,"href":"https:\/\/4advx.szerokadroga.pl\/index.php\/wp-json\/wp\/v2\/pages\/6\/revisions\/28"}],"wp:attachment":[{"href":"https:\/\/4advx.szerokadroga.pl\/index.php\/wp-json\/wp\/v2\/media?parent=6"}],"curies":[{"name":"wp","href":"https:\/\/api.w.org\/{rel}","templated":true}]}}